{"id":56891,"date":"2021-10-17T19:14:03","date_gmt":"2021-10-17T22:14:03","guid":{"rendered":"https:\/\/festivaldevitoria.com.br\/27fv\/?page_id=56891"},"modified":"2021-10-17T19:14:04","modified_gmt":"2021-10-17T22:14:04","slug":"festival-itinerante","status":"publish","type":"page","link":"https:\/\/festivaldevitoria.com.br\/27fv\/festival-itinerante\/","title":{"rendered":"Festival Itinerante"},"content":{"rendered":"\n<p class=\"wp-block-paragraph\">Promover o encontro entre o cinema e a m\u00fasica. Essa \u00e9 a proposta do 27\u00ba Festival de Cinema de Vit\u00f3ria Itinerante, que acontece entre os dias 28 e 30 de outubro, de quinta a s\u00e1bado, a partir das 19h30, no YouTube do Festival de Cinema de Vit\u00f3ria, com a apresenta\u00e7\u00e3o do ator, cantor e diretor Silvero Pereira.&nbsp;<\/p>\n\n\n\n<p class=\"wp-block-paragraph\">Em sua primeira edi\u00e7\u00e3o virtual em fun\u00e7\u00e3o dos protocolos de seguran\u00e7a do Covid-19, o evento percorre simbolicamente as cidades de Serra, Vila Velha e Vit\u00f3ria. A proposta desta edi\u00e7\u00e3o \u00e9 alcan\u00e7ar pessoas de v\u00e1rias partes do Brasil com uma programa\u00e7\u00e3o ecl\u00e9tica que dialoga com a diversidade do evento.&nbsp;<\/p>\n\n\n\n<p class=\"wp-block-paragraph\">Na programa\u00e7\u00e3o, tr\u00eas sess\u00f5es audiovisuais retrospectivas, tendo como base os filmes exibidos no festival, al\u00e9m de shows in\u00e9ditos e atividades de forma\u00e7\u00e3o.&nbsp;<\/p>\n\n\n\n<p class=\"wp-block-paragraph\">O <strong>27\u00ba Festival de Cinema de Vit\u00f3ria Itinerante<\/strong> conta com o patroc\u00ednio do <strong>Minist\u00e9rio do Turismo<\/strong>, atrav\u00e9s da <strong>Lei de Incentivo \u00e0 Cultura<\/strong>, e do <strong>Instituto Cultural Vale<\/strong>. A realiza\u00e7\u00e3o \u00e9 da <strong>Galp\u00e3o Produ\u00e7\u00f5es<\/strong> e do <strong>Instituto Brasil de Cultura e Arte<\/strong> (<strong>IBCA<\/strong>).<\/p>\n","protected":false},"excerpt":{"rendered":"<p>Promover o encontro entre o cinema e a m\u00fasica. Essa \u00e9 a proposta do 27\u00ba Festival de Cinema de Vit\u00f3ria Itinerante, que acontece entre os dias 28 e 30 de outubro, de quinta a s\u00e1bado, a partir das 19h30, no YouTube do Festival de Cinema de Vit\u00f3ria, com a apresenta\u00e7\u00e3o do ator, cantor e diretor [&hellip;]<\/p>\n","protected":false},"author":3,"featured_media":0,"parent":0,"menu_order":0,"comment_status":"closed","ping_status":"closed","template":"","meta":{"_et_pb_use_builder":"off","_et_pb_old_content":"","_et_gb_content_width":"","footnotes":""},"class_list":["post-56891","page","type-page","status-publish","hentry"],"_links":{"self":[{"href":"https:\/\/festivaldevitoria.com.br\/27fv\/wp-json\/wp\/v2\/pages\/56891","targetHints":{"allow":["GET"]}}],"collection":[{"href":"https:\/\/festivaldevitoria.com.br\/27fv\/wp-json\/wp\/v2\/pages"}],"about":[{"href":"https:\/\/festivaldevitoria.com.br\/27fv\/wp-json\/wp\/v2\/types\/page"}],"author":[{"embeddable":true,"href":"https:\/\/festivaldevitoria.com.br\/27fv\/wp-json\/wp\/v2\/users\/3"}],"replies":[{"embeddable":true,"href":"https:\/\/festivaldevitoria.com.br\/27fv\/wp-json\/wp\/v2\/comments?post=56891"}],"version-history":[{"count":1,"href":"https:\/\/festivaldevitoria.com.br\/27fv\/wp-json\/wp\/v2\/pages\/56891\/revisions"}],"predecessor-version":[{"id":56892,"href":"https:\/\/festivaldevitoria.com.br\/27fv\/wp-json\/wp\/v2\/pages\/56891\/revisions\/56892"}],"wp:attachment":[{"href":"https:\/\/festivaldevitoria.com.br\/27fv\/wp-json\/wp\/v2\/media?parent=56891"}],"curies":[{"name":"wp","href":"https:\/\/api.w.org\/{rel}","templated":true}]}}

<p class="wp-block-paragraph">Promover o encontro entre o cinema e a música. Essa é a proposta do 27º Festival de Cinema de Vitória Itinerante, que acontece entre os dias 28 e 30 de outubro, de quinta a sábado, a partir das 19h30, no YouTube do Festival de Cinema de Vitória, com a apresentação do ator, cantor e diretor Silvero Pereira.&nbsp;</p>



<p class="wp-block-paragraph">Em sua primeira edição virtual em função dos protocolos de segurança do Covid-19, o evento percorre simbolicamente as cidades de Serra, Vila Velha e Vitória. A proposta desta edição é alcançar pessoas de várias partes do Brasil com uma programação eclética que dialoga com a diversidade do evento.&nbsp;</p>



<p class="wp-block-paragraph">Na programação, três sessões audiovisuais retrospectivas, tendo como base os filmes exibidos no festival, além de shows inéditos e atividades de formação.&nbsp;</p>



<p class="wp-block-paragraph">O <strong>27º Festival de Cinema de Vitória Itinerante</strong> conta com o patrocínio do <strong>Ministério do Turismo</strong>, através da <strong>Lei de Incentivo à Cultura</strong>, e do <strong>Instituto Cultural Vale</strong>. A realização é da <strong>Galpão Produções</strong> e do <strong>Instituto Brasil de Cultura e Arte</strong> (<strong>IBCA</strong>).</p>

<p>Promover o encontro entre o cinema e a música. Essa é a proposta do 27º Festival de Cinema de Vitória Itinerante, que acontece entre os dias 28 e 30 de outubro, de quinta a sábado, a partir das 19h30, no YouTube do Festival de Cinema de Vitória, com a apresentação do ator, cantor e diretor [&hellip;]</p>
